der when 9997 is divided by 25.
22
Calculate the remainder when 354 is divided by 104.
42
What is the remainder when 664 is divided by 21?
13
Calculate the remainder when 98 is divided by 50.
48
What is the remainder when 113 is divided by 39?
35
What is the remainder when 277 is divided by 20?
17
What is the remainder when 128 is divided by 3?
2
Calculate the remainder when 980 is divided by 192.
20
Calculate the remainder when 1018 is divided by 304.
106
Calculate the remainder when 867 is divided by 31.
30
Calculate the remainder when 2023 is divided by 22.
21
What is the remainder when 586 is divided by 114?
16
Calculate the remainder when 381 is divided by 58.
33
What is the remainder when 25065 is divided by 7?
5
Calculate the remainder when 316 is divided by 19.
12
Calculate the remainder when 1195 is divided by 24.
19
Calculate the remainder when 377 is divided by 10.
7
What is the remainder when 252 is divided by 38?
24
Calculate the remainder when 547 is divided by 69.
64
What is the remainder when 473 is divided by 95?
93
What is the remainder when 181 is divided by 7?
6
Calculate the remainder when 1646 is divided by 50.
46
Calculate the remainder when 111 is divided by 34.
9
What is the remainder when 643 is divided by 43?
41
What is the remainder when 8350 is divided by 72?
70
Calculate the remainder when 135 is divided by 26.
5
What is the remainder when 1248 is divided by 66?
60
What is the remainder when 293 is divided by 84?
41
What is the remainder when 25040 is divided by 38?
36
Calculate the remainder when 803 is divided by 81.
74
Calculate the remainder when 5932 is divided by 1483.
0
What is the remainder when 56 is divided by 22?
12
What is the remainder when 1387 is divided by 107?
103
What is the remainder when 157 is divided by 25?
7
Calculate the remainder when 196 is divided by 20.
16
What is the remainder when 2314 is divided by 111?
94
Calculate the remainder when 101 is divided by 8.
5
What is the remainder when 370 is divided by 17?
13
Calculate the remainder when 81 is divided by 72.
9
What is the remainder when 114 is divided by 54?
6
What is the remainder when 309 is divided by 15?
9
What is the remainder when 358 is divided by 116?
10
Calculate the remainder when 17 is divided by 13.
4
Calculate the remainder when 452 is divided by 24.
20
What is the remainder when 727 is divided by 176?
23
What is the remainder when 3955 is divided by 1310?
25
What is the remainder when 4378 is divided by 12?
10
What is the remainder when 394 is divided by 81?
70
Calculate the remainder when 174 is divided by 60.
54
What is the remainder when 3847 is divided by 27?
13
What is the remainder when 188 is divided by 39?
32
Calculate the remainder when 1053 is divided by 17.
16
Calculate the remainder when 1025 is divided by 173.
160
Calculate the remainder when 158 is divided by 20.
18
Calculate the remainder when 3634 is divided by 101.
99
Calculate the remainder when 2680 is divided by 7.
6
What is the remainder when 132 is divided by 42?
6
Calculate the remainder when 1059 is divided by 118.
115
Calculate the remainder when 1056 is divided by 88.
0
What is the remainder when 104 is divided by 28?
20
Calculate the remainder when 331 is divided by 147.
37
Calculate the remainder when 1323 is divided by 3.
0
Calculate the remainder when 316 is divided by 101.
13
What is the remainder when 172 is divided by 26?
16
What is the remainder when 431 is divided by 3?
2
Calculate the remainder when 169 is divided by 35.
29
What is the remainder when 10334 is divided by 215?
14
Calculate the remainder when 18 is divided by 5.
3
Calculate the remainder when 1677 is divided by 105.
102
Calculate the remainder when 1325 is divided by 148.
141
What is the remainder when 194 is divided by 186?
8
What is the remainder when 77 is divided by 48?
29
What is the remainder when 548 is divided by 29?
26
Calculate the remainder when 107 is divided by 25.
7
Calculate the remainder when 3021 is divided by 36.
33
What is the remainder when 39 is divided by 26?
13
What is the remainder when 1515 is divided by 169?
163
What is the remainder when 418 is divided by 106?
100
What is the remainder when 226 is divided by 24?
10
What is the remainder when 148 is divided by 61?
26
Calculate the remainder when 328 is divided by 44.
20
What is the remainder when 162 is divided by 46?
24
What is the remainder when 801 is divided by 129?
27
Calculate the remainder when 165 is divided by 42.
39
Calculate the remainder when 569 is divided by 95.
94
What is the remainder when 510 is divided by 51?
0
What is the remainder when 1619 is divided by 96?
83
Calculate the remainder when 1007 is divided by 22.
17
Calculate the remainder when 428 is divided by 10.
8
Calculate the remainder when 4670 is divided by 19.
15
Calculate the remainder when 158 is divided by 33.
26
What is the remainder when 185 is divided by 55?
20
What is the remainder when 642 is divided by 158?
10
What is the remainder when 22 is divided by 3?
1
What is the remainder when 561 is divided by 25?
11
What is the remainder when 2032 is divided by 22?
8
What is the remainder when 3475 is divided by 71?
67
Calculate the remainder when 106 is divided by 28.
22
What is the remainder when 549 is divided by 68?
5
Calculate the remainder when 502 is divided by 7.
5
What is the remainder when 467 is divided by 9?
8
Calculate the remainder when 375 is divided by 60.
15
What is the remainder when 636 is divided by 309?
18
What is the remainder when 79 is divided by 23?
10
What is the remainder when 884 is divided by 68?
0
What is the remainder when 1688 is divided by 65?
63
What is the remainder when 62 is divided by 30?
2
What is the remainder when 36 is divided by 34?
2
Calculate the remainder when 1010 is divided by 63.
2
What is the remainder when 676 is divided by 67?
6
Calculate the remainder when 1752 is divided by 65.
62
What is the remainder when 3288 is divided by 3283?
5
Calculate the remainder when 2379 is divided by 34.
33
Calculate the remainder when 39 is divided by 29.
10
What is the remainder when 101 is divided by 96?
5
Calculate the remainder when 906 is divided by 65.
61
Calculate the remainder when 1087 is divided by 88.
31
What is the remainder when 167 is divided by 16?
7
Calculate the remainder when 22 is divided by 13.
9
Calculate the remainder when 1387 is divided by 155.
147
Calculate the remainder when 97 is divided by 25.
22
What is the remainder when 82 is divided by 48?
34
Calculate the remainder when 555 is divided by 25.
5
What is the remainder when 744 is divided by 69?
54
Calculate the remainder when 1592 is divided by 84.
80
Calculate the remainder when 716 is divided by 38.
32
Calculate the remainder when 2814 is divided by 176.
174
Calculate the remainder when 118 is divided by 30.
28
What is the remainder when 201 is divided by 12?
9
Calculate the remainder when 40 is divided by 37.
3
Calculate the remainder when 218 is divided by 32.
26
Calculate the remainder when 57 is divided by 5.
2
What is the remainder when 172 is divided by 85?
2
Calculate the remainder when 158 is divided by 79.
0
Calculate the remainder when 642 is divided by 5.
2
What is the remainder when 909 is divided by 34?
25
Calculate the remainder when 10 is divided by 4.
2
Calculate the remainder when 1817 is divided by 65.
62
What is the remainder when 238 is divided by 35?
28
Calculate the remainder when 4 is divided by 4.
0
What is the remainder when 21 is divided by 9?
3
Calculate the remainder when 454 is divided by 65.
64
Calculate the remainder when 353 is divided by 71.
69
Calculate the remainder when 62 is divided by 15.
2
Calculate the remainder when 4466 is divided by 371.
14
What is the remainder when 95 is divided by 6?
5
Calculate the remainder when 36 is divided by 14.
8
Calculate the remainder when 238 is divided by 6.
4
Calculate the remainder when 1388 is divided by 107.
104
Calculate the remainder when 399 is divided by 161.
77
What is the remainder when 710 is divided by 45?
35
What is the remainder when 786 is divided by 17?
4
What is the remainder when 65937 is divided by 14?
11
Calculate the remainder when 1563 is divided by 156.
3
Calculate the remainder when 201 is divided by